 y be c(3). Suppose -9*w = -621 - y. What is the remainder when w is divided by 30?
29
Let m(r) = -r**3 - 4*r**2 - 2*r. Let d be m(-4). Suppose -101 + d = -3*h. What is the remainder when h is divided by 11?
9
Suppose -4*z - 3*w + 936 = 0, -6*z + 8*z + 3*w - 468 = 0. Calculate the remainder when z is divided by 81.
72
Let v(h) = 3*h**2 + 11*h + 9. What is the remainder when v(-9) is divided by 21/42 + (-77)/(-2)?
36
Suppose 4*h + 197 = a, -6*a + 5*h = -11*a + 1035. What is the remainder when a is divided by 26?
23
Suppose 0 = 36*g - 26*g + 630. Let x(n) = -3*n**3 - 3*n**2 + n - 3. Calculate the remainder when x(-3) is divided by (-612)/g + 1*(-4)/(-14).
8
Let a = 184 - -294. Calculate the remainder when a is divided by 10.
8
Let c = 35 - 17. Let z = -16 + c. Suppose z*l + 2*f - 26 = 0, 2*l + f - 29 = -5. What is the remainder when l is divided by 6?
5
Let b(g) = g**3 + 6*g**2 + 4*g - 2. Suppose 3*i + i = p - 27, 5*p + 3*i = 20. Let x = -11 + p. Calculate the remainder when 41 is divided by b(x).
13
Let i = 25 + -15. Suppose 162 + 118 = 8*o. What is the remainder when o is divided by i?
5
Let d = 730 + -721. Let x(b) = b**2 + 2. Let o be x(0). What is the remainder when d is divided by 10/4 - o/(-4)?
0
Suppose 0*d = -12*d - 588. Let u = d - -64. Calculate the remainder when 43 is divided by u.
13
Let o(i) = 10*i - 5. Suppose -5*m + 22 = -8. What is the remainder when o(2) is divided by m?
3
Suppose c - 5*k = 44, -2*k = 5*c - 4*c - 30. What is the remainder when 63 is divided by c?
29
Calculate the remainder when 119 is divided by (858/8)/11 - (-4)/16.
9
Let r = 176 - 102. Let x = r + -29. Suppose 5*i - g - x = -4*g, 0 = -3*g - 15. What is the remainder when 34 is divided by i?
10
Let h(q) = -q**3 - 15*q**2 - 4*q - 11. Suppose 23 = -2*a - 7. Calculate the remainder when h(a) is divided by 13.
10
Let i(r) = 5*r**2 + 2*r - 3. Let k be i(1). Suppose 2*w - 1 = 3*j, 5*j - k*w = -3*w + 10. Calculate the remainder when 11 is divided by j.
2
Suppose 0 = 4*q + 1 + 3. Let z = q + 6. Suppose 4*i - 376 = y + 3*y, -z*y = 2*i - 153. What is the remainder when i is divided by 30?
29
Let m(u) be the first derivative of -13*u**2 - 2*u - 3. Suppose -5*g = -4*g - 26. Calculate the remainder when m(-2) is divided by g.
24
Suppose -165 = -5*l + 235. What is the remainder when l is divided by (-6)/(-1 - -6 - 188/36)?
26
Suppose -3*c + 95 - 33 = 5*h, 5*h - 42 = 2*c. Let u(j) be the first derivative of -5*j**2/2 - 6*j + 2. Calculate the remainder when u(-5) is divided by h.
9
Suppose 0 = -46*j + 57*j - 572. What is the remainder when j is divided by 30?
22
Let c(m) = 0 + 5*m + m**3 - 4*m**2 + 3 - m - 6. Let v be c(5). Suppose -3*n = 5*o - 124, 5*o + 5*n - v = 3*o. What is the remainder when o is divided by 9?
8
Let k(m) = -m**3 - 34*m**2 - 38*m - 150. Calculate the remainder when 179 is divided by k(-33).
14
Suppose -3*m = -m - 4*a - 24, 2*a = 5*m - 20. Suppose -m*j = 2*j - 216. What is the remainder when j is divided by 15?
9
Suppose 6*f - 33 = -3. Suppose 6*v = f*v. Calculate the remainder when 2 + (25 - v/(-5)) is divided by 16.
11
Suppose 43 + 1 = 2*w. Suppose -8*q + 14*q + 12 = 0. Calculate the remainder when 3 - (-144)/4 - q is divided by w.
19
Let g = -174 + 248. Calculate the remainder when g is divided by (12/16)/((-12)/(-400)).
24
Let w(t) = -t**3 + t**2 + 6*t + 8. Let h(a) = 8*a + 5. What is the remainder when h(5) is divided by w(0)?
5
Suppose 0 = 19*n - 23*n - 27*n + 2263. Calculate the remainder when n is divided by ((1 - 20) + 0)*-1.
16
Suppose -4*b - 41 = -5*b. Suppose 2*o + 74 = 2*i, i = -o + 6*o + b. What is the remainder when i is divided by 13?
10
Let y = -266 - -289. What is the remainder when 90 is divided by y?
21
Let y(l) = 3*l - 9. Let q be y(6). Let d(p) = -p + 13. Let x be d(q). Suppose 6*r = x*r + 46. What is the remainder when 68 is divided by r?
22
Let s = -4 - -3. Let d(a) = 9*a**2 + 2*a + 3. Calculate the remainder when 26 is divided by d(s).
6
Suppose 4*m - 128 = -0*m. Suppose 2*v + 127 + 33 = 4*i, 123 = 3*i - 3*v. Suppose -11*n + 82 = -i. Calculate the remainder when m is divided by n.
10
Let h(m) = -m**2 + 9*m + 12. Let n be h(10). Suppose 0 = -4*v + n*s + 2*s + 84, 45 = 2*v - 5*s. What is the remainder when v is divided by 7?
6
Let x(t) = 9*t. Calculate the remainder when x(5) is divided by 12.
9
Let h = 93 + -72. Suppose 0 = p + 5*x + 22, 3*p - 7*p - 4*x - 8 = 0. Suppose 5 = p*b - 28. Calculate the remainder when h is divided by b.
10
Suppose -4*o + 460 = -188. Suppose 6*q - 21*q = -30. Suppose 0 = q*g - 4*g + o. What is the remainder when g is divided by 28?
25
Let i be (-2)/(2 - (-15)/(-6)). Suppose x - i = -n + 10, 26 = n + 4*x. What is the remainder when n is divided by (-1)/4 + (-13)/(-4)?
1
Let v(t) = 3*t. Let k be v(2). Let q(y) = 7*y + 216. What is the remainder when q(-30) is divided by (4/k)/(2/9)?
0
Let g = -295 + 193. Calculate the remainder when (8/(-24))/(2/g) is divided by 9.
8
Let z = -66 + 132. Suppose -24*q = -21*q - z. Calculate the remainder when 65 is divided by q.
21
Let o = -86 + 186. What is the remainder when o is divided by 35?
30
Let v be (-34)/(-12) - 2/(-12). Suppose 5*m = z + 181, 4*z - 107 = -v*m + 5*z. Suppose q = -0*q + 20. Calculate the remainder when m is divided by q.
17
Let t(x) = x**2 - 3*x - 4. Calculate the remainder when t(9) is divided by 28.
22
Let l = 971 - 927. Calculate the remainder when l is divided by 2/1 - 16/(-1).
8
Suppose p + 3*d = 4*d + 17, -4*p - 4*d + 52 = 0. What is the remainder when p is divided by (-6)/((-11)/4 - -2)?
7
Let f(h) = -h**2 + 5*h + 6. Let d be f(5). Suppose 54 = d*n - 54. What is the remainder when 69 is divided by n?
15
Suppose 10*g = -11*g + 483. What is the remainder when g is divided by 16?
7
Suppose 3*i + 108 = -0*i. Let a = 59 + i. What is the remainder when a is divided by 8?
7
Let w(u) = -2*u**2 + 2 - u + 2*u**2 - u**2. Let v(d) = -d**2 - d + 3. What is the remainder when v(0) is divided by w(0)?
1
Let r(k) = k**3 + 15*k**2 - 5*k - 52. What is the remainder when 136 is divided by r(-15)?
21
Suppose -4*o + y = -48, -o = 3*o - 2*y - 44. Suppose -25 = 12*p - o*p. What is the remainder when -1 - (-73 + -2) - 2 is divided by p?
22
Suppose -2*p - v = -306, 79*p - 80*p - 3*v + 143 = 0. Suppose -2*s + l + 111 = 0, -4*l = 3*s + 99 - 238. What is the remainder when p is divided by s?
49
Let h(g) = -g**2 + 16*g + 22. Suppose -j - 22 = -3*m, -5*m - 6*j = -j - 10. What is the remainder when h(14) is divided by 1/((-2)/m) - -16?
11
Calculate the remainder when (471/2)/((-1)/(28/(-21))) is divided by 63.
62
Suppose 4*a = 7 - 3. Calculate the remainder when 6*(-1)/(-2)*(-364)/(-12) is divided by a/((-1)/(-92)*4).
22
Suppose 69 = 5*y - 141. Let j = -8 + 13. Suppose 7*l = j*l + 30. Calculate the remainder when y is divided by l.
12
Let h(r) = -r + 67. What is the remainder when 256 is divided by h(47)?
16
Calculate the remainder when 93 is divided by -117*1*2/(-9).
15
Let j be 0 + -3 + 1 + 14. Suppose 0 = b - j - 5. Let s = -8 + b. Calculate the remainder when 34 is divided by s.
7
Let r(p) = p**2 - 2*p + 6. Suppose 3*k - 447 + 102 = -w, 0 = 2*k - 4*w - 216. Let x = 166 - k. Calculate the remainder when x is divided by r(4).
10
Suppose 0 = -206*k + 262*k - 5768. What is the remainder when 198 is divided by k?
95
Suppose 0 = 38*j - 14*j - 10368. Calculate the remainder when j is divided by 22.
14
Let l(y) = -179*y + 6. Let f be l(-2). Suppose 0*x + f = 7*x. Calculate the remainder when x is divided by 18.
16
Let r(s) = -s**3 - 7*s**2 - 9*s - 31. Suppose 0*k = -3*n - k - 19, -25 = 3*n - 2*k. Let d = -18 + 79. What is the remainder when d is divided by r(n)?
29
Suppose 5*n - 925 = 4*q - 9*q, 5*q - 2*n = 939. What is the remainder when q is divided by 33?
22
Let w(f) = 2*f**2 - 4*f + 4. Suppose -5*h - 8*b + 263 = -6*b, 161 = 3*h - 2*b. What is the remainder when h is divided by w(4)?
13
Let m = 0 + 5. Suppose m*x = -4*c + 27 + 12, -2*x + 4*c = -10. What is the remainder when 34 is divided by x?
6
Suppose 3*n + 3 = -0*n. Let a = 47 - 69. Calculate the remainder when 41 is divided by (0 + n/2)*a.
8
Let r(j) = 52*j**3 + 5*j**2 - 12*j + 15. Calculate the remainder when r(2) is divided by 127.
46
Let p(s) = -s + 13. Let o(c) = -c**2 - 2*c + 174. Let d be o(0). Let n = -138 +